{"id":2,"date":"2009-09-13T14:35:16","date_gmt":"2009-09-13T12:35:16","guid":{"rendered":"http:\/\/kan.mabande.se\/?page_id=2"},"modified":"2009-11-16T22:38:06","modified_gmt":"2009-11-16T20:38:06","slug":"about","status":"publish","type":"page","link":"https:\/\/kan.mabande.se\/?page_id=2","title":{"rendered":"Vad \u00e4r detta?"},"content":{"rendered":"<p>P\u00e5 <em>kan.mabande.se<\/em> publiceras med oj\u00e4mna mellanrum oregelbundet sammanh\u00e5llna\u00a0 teckenkombinationer g\u00e4llande olika \u00e4mnen. Du \u00e4r varmt v\u00e4lkommen att interagera genom att l\u00e4mna kommentarer och f\u00f6rslag p\u00e5 \u00e4mnen att ta upp!<\/p>\n<p><strong>Varf\u00f6r finns det ingen lista \u00f6ver inl\u00e4gg?<\/strong><br \/>\nF\u00f6r att allt f\u00e5r st\u00e5 f\u00f6r sig sj\u00e4lvt. L\u00e4nkar till dem publiceras lite h\u00e4r och var i lite olika sammanhang, s\u00e5 om du \u00e4r v\u00e4ldigt intresserad \u00e4r det bara att g\u00f6ra en s\u00f6kning.<\/p>\n<p><strong>Yttrandefrihet g\u00e4ller sj\u00e4lvklart<\/strong><br \/>\n&#8230;men framf\u00f6r allt g\u00e4ller vanlig netikett. Helt enkelt: skriver du sansat f\u00e5r du ett sansat svar tillbaka. Hittills \u00e4r inte kommentarerna f\u00f6rmodererade och med lite tur kommer det inte inf\u00f6ras heller. Ibland kan det dock f\u00f6rekomma att f\u00f6rmoderering sker p\u00e5 det f\u00f6rsta inl\u00e4gg n\u00e5gon g\u00f6r, bara som en sp\u00e4rr mot spam, men efter att det f\u00f6rsta blivit godk\u00e4nt kommer samma kommentator inte beh\u00f6va v\u00e4nta p\u00e5 publicering igen.<\/p>\n","protected":false},"excerpt":{"rendered":"<p>P\u00e5 kan.mabande.se publiceras med oj\u00e4mna mellanrum oregelbundet sammanh\u00e5llna\u00a0 teckenkombinationer g\u00e4llande olika \u00e4mnen. Du \u00e4r varmt v\u00e4lkommen att interagera genom att l\u00e4mna kommentarer och f\u00f6rslag p\u00e5 \u00e4mnen att ta upp! Varf\u00f6r finns det ingen lista \u00f6ver inl\u00e4gg? F\u00f6r att allt f\u00e5r st\u00e5 f\u00f6r sig sj\u00e4lvt. L\u00e4nkar till dem publiceras lite h\u00e4r och var i lite olika [&hellip;]<\/p>\n","protected":false},"author":1,"featured_media":0,"parent":0,"menu_order":0,"comment_status":"open","ping_status":"open","template":"","meta":{"footnotes":""},"class_list":["post-2","page","type-page","status-publish","hentry"],"_links":{"self":[{"href":"https:\/\/kan.mabande.se\/index.php?rest_route=\/wp\/v2\/pages\/2","targetHints":{"allow":["GET"]}}],"collection":[{"href":"https:\/\/kan.mabande.se\/index.php?rest_route=\/wp\/v2\/pages"}],"about":[{"href":"https:\/\/kan.mabande.se\/index.php?rest_route=\/wp\/v2\/types\/page"}],"author":[{"embeddable":true,"href":"https:\/\/kan.mabande.se\/index.php?rest_route=\/wp\/v2\/users\/1"}],"replies":[{"embeddable":true,"href":"https:\/\/kan.mabande.se\/index.php?rest_route=%2Fwp%2Fv2%2Fcomments&post=2"}],"version-history":[{"count":11,"href":"https:\/\/kan.mabande.se\/index.php?rest_route=\/wp\/v2\/pages\/2\/revisions"}],"predecessor-version":[{"id":186,"href":"https:\/\/kan.mabande.se\/index.php?rest_route=\/wp\/v2\/pages\/2\/revisions\/186"}],"wp:attachment":[{"href":"https:\/\/kan.mabande.se\/index.php?rest_route=%2Fwp%2Fv2%2Fmedia&parent=2"}],"curies":[{"name":"wp","href":"https:\/\/api.w.org\/{rel}","templated":true}]}}